factor of 110407?
False
Does 6 divide 1100?
False
Is 42 a factor of 1176?
True
Is 6 a factor of 51?
False
Is 13 a factor of 585?
True
Is 17 a factor of 748?
True
Does 5 divide 2527?
False
Is 46 a factor of 633?
False
Does 3 divide 387?
True
Does 8 divide 60?
False
Is 29 a factor of 1479?
True
Is 238 a multiple of 14?
True
Is 8 a factor of 660?
False
Does 95 divide 76475?
True
Does 2 divide 9670?
True
Is 5515 a multiple of 61?
False
Does 38 divide 1160?
False
Is 400 a multiple of 40?
True
Is 7440 a multiple of 62?
True
Is 2910 a multiple of 97?
True
Is 10 a factor of 1633?
False
Is 3579 a multiple of 41?
False
Does 6 divide 396?
True
Is 992 a multiple of 27?
False
Is 42 a factor of 1218?
True
Is 1320 a multiple of 30?
True
Is 9682 a multiple of 206?
True
Does 53 divide 31853?
True
Is 52929 a multiple of 21?
False
Is 25513 a multiple of 22?
False
Is 40 a factor of 9703?
False
Is 4 a factor of 3709?
False
Is 5355 a multiple of 9?
True
Does 25 divide 16089?
False
Is 22 a multiple of 3?
False
Is 168 a factor of 63168?
True
Is 896 a multiple of 16?
True
Does 98 divide 3990?
False
Is 468 a multiple of 3?
True
Does 191 divide 59283?
False
Does 66 divide 1092?
False
Is 18936 a multiple of 52?
False
Is 4 a factor of 140?
True
Is 62 a factor of 2218?
False
Does 22 divide 22589?
False
Is 4 a factor of 127?
False
Is 1204 a multiple of 43?
True
Is 2056 even?
True
Is 118 a multiple of 11?
False
Is 1036 a multiple of 55?
False
Is 1389 a multiple of 24?
False
Is 225 a multiple of 25?
True
Is 42 a factor of 42?
True
Is 138 a factor of 1279?
False
Does 87 divide 783?
True
Is 7529 a multiple of 24?
False
Does 19 divide 1733?
False
Is 6 a factor of 1084?
False
Does 46 divide 466?
False
Does 15 divide 180?
True
Does 55 divide 605?
True
Does 27 divide 1429?
False
Is 132 a multiple of 2?
True
Does 96 divide 317?
False
Is 100098 a multiple of 166?
True
Is 237 a multiple of 22?
False
Is 5968 a multiple of 16?
True
Does 34 divide 850?
True
Is 532 a multiple of 38?
True
Is 31 a factor of 4566?
False
Does 92 divide 52440?
True
Is 1159 a multiple of 74?
False
Is 14 a factor of 1106?
True
Is 19 a factor of 95?
True
Is 4806 a multiple of 54?
True
Does 8 divide 25471?
False
Is 5013 a multiple of 4?
False
Is 189 a multiple of 63?
True
Is 1642 a multiple of 4?
False
Does 7 divide 5633?
False
Does 136 divide 34654?
False
Is 53 a factor of 31482?
True
Is 5358 a multiple of 57?
True
Is 26 a factor of 1612?
True
Is 25542 a multiple of 52?
False
Is 2085 a multiple of 5?
True
Is 77 a factor of 53361?
True
Does 48 divide 4956?
False
Does 6 divide 264?
True
Does 33 divide 8363?
False
Is 349 a factor of 71196?
True
Is 47 a factor of 510?
False
Is 45168 a multiple of 16?
True
Is 1408 a multiple of 16?
True
Does 40 divide 1726?
False
Is 42406 a multiple of 196?
False
Does 14 divide 1095?
False
Is 46 a factor of 3522?
False
Is 1053 a multiple of 109?
False
Does 22 divide 330?
True
Is 7 a factor of 294?
True
Is 16 a factor of 14554?
False
Does 33 divide 15048?
True
Does 35 divide 23388?
False
Is 132 a multiple of 4?
True
Is 8715 a multiple of 7?
True
Is 36 a factor of 15924?
False
Is 3072 a multiple of 48?
True
Is 26 a factor of 627?
False
Is 17 a factor of 37256?
False
Does 19 divide 136?
False
Does 2 divide 411?
False
Is 3321 a multiple of 9?
True
Is 12 a factor of 1753?
False
Is 735 even?
False
Is 597 a multiple of 6?
False
Is 608 a multiple of 38?
True
Does 17 divide 883?
False
Is 10 a factor of 36083?
False
Is 25 a factor of 850?
True
Does 2 divide 40?
True
Is 12 a factor of 455?
False
Is 5 a factor of 2099?
False
Does 9 divide 2094?
False
Does 14 divide 4771?
False
Does 11 divide 220?
True
Is 9 a factor of 47?
False
Is 13 a factor of 119?
False
Is 46 a factor of 368?
True
Is 67 a factor of 27604?
True
Is 1409 a multiple of 25?
False
Is 15157 a multiple of 165?
False
Does 118 divide 29736?
True
Does 48 divide 2532?
False
Is 95 a factor of 1615?
True
Is 3628 a multiple of 97?
False
Is 64 a factor of 18944?
True
Does 63 divide 6212?
False
Is 1050 a multiple of 15?
True
Is 8820 a multiple of 8?
False
Is 6984 a multiple of 36?
True
Is 19028 a multiple of 71?
True
Is 13 a factor of 1196?
True
Does 4 divide 25981?
False
Is 121025 a multiple of 103?
True
Is 3 a factor of 1782?
True
Is 15 a factor of 585?
True
Does 16 divide 1428?
False
Is 1651 a multiple of 15?
False
Is 16 a factor of 8680?
False
Is 2090 a multiple of 10?
True
Is 13 a factor of 9575?
False
Is 21 a factor of 286?
False
Is 1224 a multiple of 9?
True
Does 49 divide 437?
False
Is 3182 a multiple of 86?
True
Does 132 divide 5148?
True
Does 25 divide 100?
True
Is 15 a factor of 6585?
True
Does 19 divide 54568?
True
Is 38 a factor of 3496?
True
Is 32072 a multiple of 152?
True
Does 12 divide 1526?
False
Is 11 a factor of 19162?
True
Is 577 a multiple of 65?
False
Is 30 a factor of 1050?
True
Is 1476 a multiple of 36?
True
Is 3 a factor of 2491?
False
Does 121 divide 6534?
True
Is 17360 a multiple of 70?
True
Is 37055 a multiple of 7?
False
Is 8482 a multiple of 11?
False
Is 32607 a multiple of 14?
False
Does 54 divide 21665?
False
Is 1536 even?
True
Is 7 a factor of 574?
True
Does 34 divide 8636?
True
Does 34 divide 1632?
True
Is 20 a factor of 323?
False
Does 4 divide 172?
True
Is 8 a factor of 2233?
False
Is 46013 a multiple of 82?
False
Is 15 a factor of 10769?
False
Is 8 a factor of 376?
True
Does 38 divide 383?
False
Is 15 a factor of 150?
True
Does 33 divide 1573?
False
Does 17 divide 262?
False
Is 1397 a multiple of 28?
False
Does 6 divide 261?
False
Is 31 a factor of 899?
True
Is 6734 a multiple of 37?
True
Does 3 divide 584?
False
Does 36 divide 3660?
False
Is 218 a multiple of 17?
False
Is 7755 a multiple of 33?
True
Does 18 divide 1165?
False
Is 69 a factor of 25931?
False
Does 74 divide 7326?
True
Is 5010 a multiple of 2?
True
Is 102 a multiple of 6?
True
Is 15966 a multiple of 40?
False
Is 30 a factor of 28872?
False
Is 29 a factor of 2175?
True
Is 49028 a multiple of 14?
True
Is 12 a factor of 360?
True
Is 36933 a multiple of 15?
False
Is 4 a factor of 120?
True
Is 272 a multiple of 16?
True
Does 68 divide 11628?
True
Is 7 a factor of 7769?
False
Is 25 a factor of 4400?
True
Does 7 divide 23159?
False
Does 25 divide 10924?
False
Does 19 divide 5711?
False
Is 14 a multiple of 6?
False
Does 22 divide 34024?
False
Is 35 a factor of 9399?
False
Is 10857 a multiple of 21?
True
Does 8 divide 609?
False
Is 2701 a multiple of 3?
False
Does 12 divide 324?
True
Is 4 a factor of 380?
True
Is 15657 a multiple of 14?
False
Is 351 a multiple of 27?
True
Is 30 a factor of 3146?
False
Is 20231 a multiple of 62?
False
Does 25 divide 2573?
False
Does 11 divide 10571?
True
Is 10234 a multiple of 131?
False
Is 62336 a multiple of 49?
False
Is 986 a multiple of 58?
True
Is 86 a factor of 5246?
True
Does 17 divide 8286?
False
Is 55 a factor of 990?
True
Is 643 a multiple of 32?
False
Does 66 divide 25797?
False
Is 9483 a multiple of 15?
False
Is 1250 a multiple of 98?
False
Is 50 a factor of 200?
True
Does 83 divide 2178?
False
Does 8 divide 976?
True
Does 55 divide 1485?
True
Is 123660 a multiple of 458?
True
Is 110 a factor of 10670?
True
Does 60 divide 11940?
True
Does 14 divide 16492?
True
Is 8131 a multiple of 173?
True
Is 5 a factor of 10052?
False
Does 42 divide 6678?
True
Does 21 divide 830?
False
Does 154 divide 462?
True
Is 42 a factor of 326?
False
Does 54 divide 2032?
False
Is 20 a factor of 36560?
True
Does 19 divide 228?
True
Is 49 a factor of 320?
False
Is 31 a factor of 15698?
False
Is 1457 a multiple of 2?
False
Is 129 a factor of 16899?
True
Does 6 divide 12?
True
Is 5304 a multiple of 84?
False
Does 6 divide 1769?
False
Is 90 a factor of 3930?
False
Does 4 divide 290?
False
Is 11391 a multiple of 37?
False
Does 16 divide 40?
False
Does 33 divide 1650?
True
Does 14 divide 17080?
True
Does 7 divide 376?
False
Is 4369 a multiple of 38?
False
Does 202 divide 16968?
True
Is 3848 a multiple of 38?
False
Is 38 a factor of 25460?
True
Is 131 a factor of 17556?
False
Does 112 divide 108864?
True
Does 27 divide 15485?
False
Does 21 divide 13545?
True
Is 45 a factor of 10395?
True
Is 4141 a multiple of 101?
True
Does 5 divide 435?
True
Is 36 a factor of 375?
False
Is 44494 a multiple of 7?
False
Is 208 a multiple of 16?
True
Is